 112438.
2, 17, 3307
What are the prime factors of 408684?
2, 3, 34057
What are the prime factors of 2315216?
2, 144701
List the prime factors of 1051685.
5, 29, 7253
What are the prime factors of 200920?
2, 5, 5023
List the prime factors of 208891.
208891
List the prime factors of 57767.
61, 947
List the prime factors of 72021.
3, 24007
List the prime factors of 310230.
2, 3, 5, 383
List the prime factors of 331342.
2, 11, 15061
List the prime factors of 101322.
2, 3, 13, 433
What are the prime factors of 2635637?
53, 223
What are the prime factors of 21766229?
19, 331, 3461
List the prime factors of 45048.
2, 3, 1877
List the prime factors of 3605877.
3, 11, 19, 71
What are the prime factors of 259092?
2, 3, 2399
What are the prime factors of 15082?
2, 7541
List the prime factors of 10990395.
3, 5, 13, 18787
What are the prime factors of 2655409?
2655409
List the prime factors of 63698.
2, 31849
What are the prime factors of 526873?
53, 9941
What are the prime factors of 302984?
2, 11, 313
What are the prime factors of 49248?
2, 3, 19
List the prime factors of 2122742.
2, 29, 36599
List the prime factors of 1536615.
3, 5, 34147
List the prime factors of 535765.
5, 83, 1291
What are the prime factors of 755848?
2, 107, 883
What are the prime factors of 1007015?
5, 201403
What are the prime factors of 14884600?
2, 5, 19, 3917
What are the prime factors of 292517?
292517
What are the prime factors of 161?
7, 23
What are the prime factors of 394290?
2, 3, 5, 13, 337
List the prime factors of 5303658.
2, 3, 263, 3361
List the prime factors of 1398753.
3, 73, 2129
List the prime factors of 167729.
167729
What are the prime factors of 339089?
23, 641
List the prime factors of 11867365.
5, 199, 11927
What are the prime factors of 694317?
3, 13, 19, 937
List the prime factors of 307123.
197, 1559
List the prime factors of 1564474.
2, 163, 4799
List the prime factors of 16235205.
3, 5, 7, 154621
List the prime factors of 3753405.
3, 5, 27803
What are the prime factors of 3276733?
17, 192749
List the prime factors of 10645341.
3, 7, 449, 1129
List the prime factors of 15477533.
19, 73, 11159
What are the prime factors of 2895863?
383, 7561
What are the prime factors of 32783627?
53, 618559
What are the prime factors of 659020?
2, 5, 83, 397
What are the prime factors of 6535359?
3, 41, 89, 199
What are the prime factors of 13445398?
2, 2311, 2909
What are the prime factors of 740867?
19, 38993
List the prime factors of 7890412.
2, 1972603
List the prime factors of 329566.
2, 367, 449
List the prime factors of 360108.
2, 3, 7, 1429
What are the prime factors of 14018780?
2, 5, 113, 6203
List the prime factors of 342156.
2, 3, 28513
What are the prime factors of 3542142?
2, 3, 590357
List the prime factors of 4228.
2, 7, 151
What are the prime factors of 807779?
7, 167, 691
List the prime factors of 5749728.
2, 3, 101, 593
List the prime factors of 121497.
3, 40499
What are the prime factors of 6988072?
2, 7, 13, 29, 331
What are the prime factors of 4843430?
2, 5, 67, 7229
List the prime factors of 3465488.
2, 13, 16661
List the prime factors of 471608.
2, 167, 353
List the prime factors of 285796.
2, 7, 59, 173
List the prime factors of 332115.
3, 5, 7, 3163
What are the prime factors of 357240?
2, 3, 5, 13, 229
List the prime factors of 949209.
3, 316403
What are the prime factors of 309026?
2, 17, 61, 149
List the prime factors of 7948751.
73, 108887
List the prime factors of 17733459.
3, 5911153
List the prime factors of 279333.
3, 41, 757
List the prime factors of 64336.
2, 4021
What are the prime factors of 598415?
5, 29, 4127
List the prime factors of 1097353.
23, 47711
List the prime factors of 3794684.
2, 948671
What are the prime factors of 396056?
2, 31, 1597
What are the prime factors of 8774959?
8774959
List the prime factors of 6907798.
2, 103, 33533
List the prime factors of 16175582.
2, 2557, 3163
What are the prime factors of 434765?
5, 89, 977
List the prime factors of 8995534.
2, 571, 7877
What are the prime factors of 3441084?
2, 3, 139, 2063
List the prime factors of 71541.
3, 7949
List the prime factors of 208288.
2, 23, 283
List the prime factors of 300522.
2, 3, 50087
What are the prime factors of 1615329?
3, 29, 2063
List the prime factors of 9838452.
2, 3, 13, 63067
What are the prime factors of 249923?
249923
What are the prime factors of 91377?
3, 11, 13, 71
What are the prime factors of 11312958?
2, 3, 29, 79, 823
List the prime factors of 194527.
194527
List the prime factors of 22245559.
7, 453991
List the prime factors of 14137341.
3, 23, 331, 619
List the prime factors of 33412464.
2, 3, 331, 701
List the prime factors of 21115.
5, 41, 103
What are the prime factors of 268102?
2, 37, 3623
What are the prime factors of 223208?
2, 27901
List the prime factors of 122409.
3, 7, 29, 67
What are the prime factors of 652708?
2, 7, 23311
What are the prime factors of 509691?
3, 7, 13, 1867
What are the prime factors of 762185?
5, 19, 71, 113
What are the prime factors of 462993?
3, 157, 983
What are the prime factors of 26879?
26879
What are the prime factors of 2574045?
3, 5, 23, 829
List the prime factors of 819888.
2, 3, 19, 29, 31
List the prime factors of 925092.
2, 3, 7, 3671
List the prime factors of 12492337.
11, 13, 87359
List the prime factors of 535184.
2, 13, 31, 83
List the prime factors of 3353551.
67, 50053
List the prime factors of 150105.
3, 5, 10007
What are the prime factors of 166073?
17, 9769
List the prime factors of 9318922.
2, 359, 12979
What are the prime factors of 3142404?
2, 3, 41, 2129
What are the prime factors of 328479?
3, 223, 491
What are the prime factors of 1806029?
17, 23, 31, 149
List the prime factors of 964358.
2, 482179
What are the prime factors of 666593?
31, 21503
What are the prime factors of 2843951?
11, 229, 1129
What are the prime factors of 1219622?
2, 379, 1609
List the prime factors of 938766.
2, 3, 97, 1613
What are the prime factors of 93975?
3, 5, 7, 179
What are the prime factors of 6058554?
2, 3, 107, 9437
What are the prime factors of 386597?
17, 22741
List the prime factors of 2753239.
1303, 2113
What are the prime factors of 771928?
2, 47, 2053
What are the prime factors of 1143144?
2, 3, 15877
List the prime factors of 231053.
231053
What are the prime factors of 1061933?
23, 46171
List the prime factors of 293884.
2, 73471
What are the prime factors of 22641?
3, 7547
What are the prime factors of 552171?
3, 184057
What are the prime factors of 109358?
2, 54679
What are the prime factors of 464159?
173, 2683
List the prime factors of 2650113.
3, 17, 17321
List the prime factors of 159666.
2, 3, 13, 23, 89
What are the prime factors of 19936231?
7, 2848033
What are the prime factors of 1072146?
2, 3, 178691
List the prime factors of 375831.
3, 41759
What are the prime factors of 2621757?
3, 17, 51407
List the prime factors of 1958805.
3, 5, 19, 29, 79
What are the prime factors of 2353246?
2, 7, 168089
What are the prime factors of 1549244?
2, 17, 22783
What are the prime factors of 5924825?
5, 236993
List the prime factors of 22095206.
2, 7, 17, 43, 127
What are the prime factors of 24930142?
2, 12465071
List the prime factors of 1897504.
2, 7, 43, 197
List the prime factors of 95781.
3, 7, 4561
What are the prime factors of 3321444?
2, 3, 7, 39541
What are the prime factors of 1005851?
7, 11, 13063
List the prime factors of 660489.
3, 220163
What are the prime factors of 7942151?
7, 41, 27673
What are the prime factors of 496208?
2, 31013
List the prime factors of 5777046.
2, 3, 11, 163, 179
What are the prime factors of 1552463?
11, 107, 1319
List the prime factors of 9500082.
2, 3, 1583347
What are the prime factors of 280737?
3, 31193
List the prime factors of 3542071.
13, 20959
List the prime factors of 1218817.
37, 32941
List the prime factors of 1092385.
5, 7, 23, 59
What are the prime factors of 126625?
5, 1013
What are the prime factors of 7135998?
2, 3, 1189333
What are the prime factors of 114236?
2, 28559
What are the prime factors of 531108?
2, 3, 14753
What are the prime factors of 5509366?
2, 2754683
List the prime factors of 261901.
23, 59, 193
List the prime factors of 626644.
2, 41, 3821
What are the prime factors of 2221049?
499, 4451
List the pr